
-105
Convert -32160 (base 8) to base 3.
-200102012
What is -2010 (base 13) in base 10?
-4407
Convert -105150 (base 7) to base 3.
-221112010
Convert -51e9 (base 15) to base 2.
-100001110100111
-414 (base 11) to base 6
-2151
Convert 1b2 (base 13) to base 9.
378
Convert 3266 (base 7) to base 10.
1175
What is -1618a (base 12) in base 4?
-13221322
-100200101 (base 3) to base 6
-52401
What is -401 (base 12) in base 2?
-1001000001
21111 (base 4) to base 3
211010
Convert -543 (base 10) to base 6.
-2303
Convert 101232 (base 4) to base 3.
1120000
Convert -32e8 (base 16) to base 6.
-140200
Convert -11110100101000 (base 2) to base 11.
-10843
Convert a7b2 (base 16) to base 5.
2333210
What is 118 (base 15) in base 16?
f8
What is -43010 (base 8) in base 5?
-1033203
Convert 100332 (base 5) to base 8.
6221
-2873 (base 10) to base 13
-1400
1c01 (base 14) to base 8
11751
3aa6 (base 12) to base 9
10230
-630 (base 7) to base 3
-102200
What is 222000110 (base 3) in base 13?
882c
Convert -1435 (base 6) to base 3.
-112012
Convert 15602 (base 13) to base 9.
61568
What is -65102 (base 8) in base 3?
-1101022111
What is 572 (base 9) in base 12?
332
What is 10210 (base 5) in base 15?
305
Convert 13239 (base 10) to base 16.
33b7
-10576 (base 10) to base 13
-4a77
Convert -4864 (base 9) to base 13.
-1858
25b (base 13) to base 14
218
What is 1132 (base 5) in base 8?
247
What is -110200 (base 3) in base 14?
-1a6
Convert 10001101010 (base 2) to base 3.
1112212
Convert -120011 (base 4) to base 11.
-1181
Convert -d3 (base 14) to base 12.
-135
What is 22021 (base 5) in base 12?
a5b
What is 21011 (base 4) in base 2?
1001000101
50701 (base 8) to base 4
11013001
-4411 (base 6) to base 7
-2650
Convert -160b (base 14) to base 12.
-2337
What is -3aa (base 16) in base 2?
-1110101010
14605 (base 7) to base 2
111111101000
-23c (base 15) to base 7
-1323
Convert -50343 (base 8) to base 12.
-bb97
Convert -610 (base 11) to base 3.
-1000022
-10000011 (base 3) to base 9
-3004
Convert -2c84 (base 16) to base 11.
-8620
Convert 232130 (base 5) to base 2.
10000011011111
What is 2122020 (base 3) in base 14?
9b5
What is 10011101101 (base 2) in base 7?
3451
What is 1414 (base 6) in base 8?
562
Convert -166362 (base 7) to base 2.
-1000001010110110
-320130 (base 6) to base 10
-25974
What is 545002 (base 6) in base 15?
d59b
What is -2210210 (base 3) in base 14?
-a62
Convert 180c (base 15) to base 8.
12103
Convert -63306 (base 8) to base 16.
-66c6
Convert -142114 (base 5) to base 16.
-1715
Convert 11202 (base 3) to base 2.
10000000
4079 (base 14) to base 3
120012111
What is 744 (base 15) in base 13?
991
Convert -3425 (base 6) to base 8.
-1451
What is -1146 (base 13) in base 6?
-15120
-2dd (base 16) to base 5
-10413
What is c0 (base 14) in base 13?
cc
Convert -111110011011000 (base 2) to base 8.
-76330
4354 (base 6) to base 7
2635
What is -437 (base 13) in base 15?
-332
What is -1818 (base 9) in base 12?
-982
What is -4163 (base 11) in base 9?
-7506
Convert ed (base 16) to base 12.
179
Convert 2784 (base 11) to base 15.
1101
What is 17911 (base 13) in base 11?
31191
Convert 4aa (base 14) to base 3.
1021121
Convert 100110021 (base 3) to base 2.
1101011101100
What is -372 (base 11) in base 16?
-1ba
What is 200001 (base 4) in base 12?
1229
Convert 2121201 (base 3) to base 15.
874
What is 4311 (base 6) in base 10?
979
Convert -11413 (base 5) to base 3.
-1011210
1031 (base 9) to base 13
463
10163 (base 7) to base 4
212333
372b (base 12) to base 4
1201103
What is 23200 (base 4) in base 11?
60a
What is -1222002 (base 4) in base 10?
-6786
-2331300 (base 4) to base 10
-12144
4 (base 13) to base 10
4
What is -7212 (base 8) in base 7?
-13565
269 (base 13) to base 8
651
-2415 (base 7) to base 8
-1576
1000000100011110 (base 2) to base 16
811e
What is 1012222 (base 3) in base 13?
536
bb9d (base 14) to base 15
9954
What is 300 (base 6) in base 8?
154
Convert -30132102 (base 4) to base 6.
-1032310
1800 (base 13) to base 12
2079
Convert -149 (base 11) to base 6.
-450
-1012201 (base 3) to base 5
-12013
44b6 (base 12) to base 5
221001
What is 10305 (base 11) in base 3?
202120220
Convert -2013012 (base 4) to base 13.
-3c21
-23110100 (base 4) to base 10
-46352
Convert 1444243 (base 6) to base 14.
22815
What is 759 (base 12) in base 2?
10000110101
What is -348 (base 9) in base 15?
-142
Convert d4a (base 14) to base 11.
1a67
-2017 (base 8) to base 10
-1039
What is 55 (base 10) in base 15?
3a
12210 (base 3) to base 10
156
What is -13443 (base 5) in base 3?
-1112121
Convert 12230 (base 4) to base 15.
1d8
ccc0 (base 14) to base 8
105170
Convert -4192 (base 14) to base 3.
-120111112
What is -b1c (base 13) in base 6?
-12420
Convert 224102 (base 6) to base 11.
13345
Convert -728 (base 16) to base 15.
-822
-100021 (base 3) to base 16
-fa
What is -15e7 (base 16) in base 3?
-21200200
Convert 1a01 (base 13) to base 6.
30000
What is -86 (base 9) in base 3?
-2220
2070 (base 9) to base 5
22041
Convert 111010111 (base 2) to base 10.
471
-622 (base 12) to base 16
-37a
-5aca (base 14) to base 9
-23670
-24c (base 13) to base 2
-110010010
What is -6be (base 16) in base 12?
-bba
110121 (base 3) to base 16
154
What is -303222 (base 4) in base 10?
-3306
2015 (base 9) to base 4
113000
What is 13130 (base 4) in base 14?
260
Convert 29a (base 15) to base 4.
21103
-125 (base 8) to base 13
-67
What is 2162 (base 13) in base 7?
16352
Convert -1aaf (base 16) to base 10.
-6831
What is 1916 (base 11) in base 13?
1156
Convert -111110 (base 3) to base 11.
-300
What is 26517 (base 8) in base 3?
120220121
Convert 10330303 (base 4) to base 2.
100111100110011
58d (base 16) to base 7
4100
52e (base 15) to base 9
1538
What is -1031 (base 9) in base 5?
-11012
20b6 (base 12) to base 5
103334
Convert -7647 (base 11) to base 12.
-5a12
-26849 (base 10) to base 7
-141164
-5521 (base 7) to base 3
-2201011
What is 1115 (base 10) in base 11?
924
Convert 5551 (base 8) to base 5.
43141
22d (base 14) to base 12
301
What is 70775 (base 8) in base 2?
111000111111101
Convert -9ae (base 15) to base 13.
-cc5
What is 30001 (base 8) in base 6?
132521
Convert 16944 (base 11) to base 5.
1230024
What is 111 (base 14) in base 3?
21211
What is -212012101 (base 3) in base 2?
-100001000010000
-2068 (base 11) to base 9
-3670
12473 (base 12) to base 4
12010113
What is 1101111 (base 2) in base 12?
93
200 (base 4) to base 10
32
-42ad (base 16) to base 4
-10022231
Convert -722 (base 8) to base 15.
-211
-1c0 (base 15) to base 2
-110010101
What is 31331 (base 4) in base 8?
1575
What is -11324 (base 8) in base 3?
-20121112
Convert -192 (base 13) to base 10.
-288
2ed (base 15) to base 9
827
5d0 (base 15) to base 3
1210220
What is -1414 (base 7) in base 10?
-550
Convert 107 (base 8) to base 13.
56
Convert 6780 (base 9) to base 16.
1395
Convert -6b4 (base 16) to base 5.
-23331
What is 14040 (base 7) in base 9?
5183
2034 (base 5) to base 10
269
Convert -3d4 (base 14) to base 9.
-1050
Convert 3a97 (base 12) to base 3.
100020121
-45354 (base 7) to base 15
-3620
Convert 685 (base 10) to base 16.
2ad
Convert -7672 (base 15) to base 13.
-b555
-1964 (base 10) to base 12
-1178
13304 (base 7) to base 4
313331
Convert 1535 (base 7) to base 15.
2ae
Convert 22111101 (base 3) to base 16.
1831
What is -5793 (base 16) in base 4?
-11132103
What is 412 (base 11) in base 16?
1f1
-24da (base 14) to base 3
-22212102
-64b (base 12) to base 8
-1633
What is -343542 (base 6) in base 3?
-1111021122
132043 (base 6) to base 11
9121
Convert 290 (base 13) to base 6.
2035
What is 1303 (base 7) in base 14?
273
13411 (base 5) to base 7
3140
What is 599 (base 12) in base 13?
4c5
Convert -6940 (base 10) to base 2.
-1101100011100
3240 (base 5) to base 9
544
2c2 (base 13) to base 3
200101
Convert 322130 (base 5) to base 15.
337a
Convert 11906 (base 10) to base 3.
121022222
Convert -25c (base 15) to base 6.
-2253
4523 (base 10) to base 16
11ab
Convert -265 (base 10) to base 3.
-100211
What is -110000111 (base 2) in base 15?
-1b1
-1110000 (base 3) to base 15
-4a3
3a8 (base 12) to base 16
230
10011010000011 (base 2) to base 16
2683
What is -3332 (base 4) in base 12?
-192
3611 (base 12) to base 3
22022111
What is -452 (base 6) in base 13?
-107
Convert 1564 (base 11) to base 2.
11111010110
What is 1122022221 (base 3) in base 13?
1192c
-1